{"id":269,"date":"2016-09-21T10:00:44","date_gmt":"2016-09-21T10:00:44","guid":{"rendered":"https:\/\/e-sp.ch\/wp_neu\/wordpress-2\/?page_id=269"},"modified":"2024-01-24T16:44:45","modified_gmt":"2024-01-24T16:44:45","slug":"impressum","status":"publish","type":"page","link":"https:\/\/e-sp.ch\/index.php\/impressum\/","title":{"rendered":"Impressum"},"content":{"rendered":"<div class=\"wpb-content-wrapper\"><p>[vc_row row_type=&#187;row&#187; use_row_as_full_screen_section=&#187;no&#187; type=&#187;full_width&#187; text_align=&#187;left&#187; background_animation=&#187;none&#187; css_animation=&#187;&#187;][vc_column width=&#187;1\/6&#8243;][\/vc_column][vc_column width=&#187;1\/6&#8243;][\/vc_column][vc_column width=&#187;1\/6&#8243;][vc_column_text]<\/p>\n<h3>Inhaber<\/h3>\n<p>[\/vc_column_text][vc_empty_space height=&#187;15px&#187;][vc_column_text]<\/p>\n<p class=\"keinabstandoben\">Dr. Ernst Spycher<br \/>\nDipl. Architekt\u00a0HBK SIA<\/p>\n<p class=\"abstandoben\">Petersplatz 16<br \/>\nCH-4051 Basel<\/p>\n<p>+41 61 261 30 55<br \/>\n<a href=\"mailto:info@e-sp.ch\">info@e-sp.ch<\/a>[\/vc_column_text][vc_empty_space height=&#187;40px&#187;][\/vc_column][vc_column width=&#187;1\/6&#8243;][vc_column_text]<\/p>\n<h3>Webmaster<\/h3>\n<p>[\/vc_column_text][vc_empty_space height=&#187;15px&#187;][vc_column_text]<\/p>\n<p class=\"keinabstandoben\">Thiago Strub<br \/>\nBachtelenweg 35<br \/>\n4125 Riehen<\/p>\n<p>+41 79 411 40 29<br \/>\n<a href=\"https:\/\/thiagostrub.ch\/\" target=\"_blank\" rel=\"noopener\">www.thiagostrub.ch<\/a><br \/>\n<a href=\"mailto:design@thiagostrub.ch\">design@thiagostrub.ch<\/a>[\/vc_column_text][vc_empty_space height=&#187;40px&#187;][\/vc_column][\/vc_row][vc_row row_type=&#187;row&#187; use_row_as_full_screen_section=&#187;no&#187; type=&#187;full_width&#187; text_align=&#187;left&#187; background_animation=&#187;none&#187; css_animation=&#187;&#187;][vc_column width=&#187;1\/6&#8243;][\/vc_column][vc_column width=&#187;1\/6&#8243;][\/vc_column][vc_column width=&#187;1\/3&#8243;][vc_column_text]<\/p>\n<h3 class=\"abstandoben\" style=\"text-align: left;\">Haftung f\u00fcr Links<\/h3>\n<p>[\/vc_column_text][vc_empty_space height=&#187;15px&#187;][vc_column_text]<\/p>\n<p class=\"abstandoben\" style=\"text-align: left;\">Diese\u00a0Webseite enth\u00e4lt Links zu externen Webseiten Dritter, auf deren Inhalte der Inhaber dieser Webseite\u00a0keinen Einfluss hat. Der Inhaber dieser Webseite\u00a0kann deshalb f\u00fcr diese fremden Inhalte auch keine Gew\u00e4hr \u00fcbernehmen. F\u00fcr die Inhalte der verlinkten Seiten ist immer der jeweilige Anbieter bzw. Betreiber der Seiten verantwortlich. Die verlinkten Seiten wurden zum Zeitpunkt der Verlinkung auf m\u00f6gliche Rechtsverst\u00f6\u00dfe \u00fcberpr\u00fcft. Rechtswidrige Inhalte waren zum Zeitpunkt der Verlinkung nicht erkennbar. Eine permanente inhaltliche Kontrolle der verlinkten Seiten ist jedoch ohne konkrete Anhaltspunkte einer Rechtsverletzung nicht zumutbar. Bei bekannt werden von Rechtsverletzungen werden die entsprechenden Links sofort entfernt.<\/p>\n<p>[\/vc_column_text][vc_empty_space height=&#187;30px&#187;][\/vc_column][vc_column width=&#187;1\/6&#8243;][\/vc_column][vc_column width=&#187;1\/6&#8243;][\/vc_column][\/vc_row]<\/p>\n<\/div>","protected":false},"excerpt":{"rendered":"<p>[vc_row row_type=&#187;row&#187; use_row_as_full_screen_section=&#187;no&#187; type=&#187;full_width&#187; text_align=&#187;left&#187; background_animation=&#187;none&#187; css_animation=&#187;&#187;][vc_column width=&#187;1\/6&#8243;][\/vc_column][vc_column width=&#187;1\/6&#8243;][\/vc_column][vc_column width=&#187;1\/6&#8243;][vc_column_text] Inhaber [\/vc_column_text][vc_empty_space height=&#187;15px&#187;][vc_column_text] Dr. Ernst Spycher Dipl. Architekt\u00a0HBK SIA Petersplatz 16 CH-4051 Basel +41 61 261 30 55 info@e-sp.ch[\/vc_column_text][vc_empty_space height=&#187;40px&#187;][\/vc_column][vc_column width=&#187;1\/6&#8243;][vc_column_text] Webmaster [\/vc_column_text][vc_empty_space height=&#187;15px&#187;][vc_column_text] Thiago Strub Bachtelenweg 35 4125 Riehen +41 79 411 40 29&#8230;<\/p>\n","protected":false},"author":1,"featured_media":0,"parent":0,"menu_order":0,"comment_status":"closed","ping_status":"closed","template":"","meta":{"footnotes":""},"class_list":["post-269","page","type-page","status-publish","hentry"],"_links":{"self":[{"href":"https:\/\/e-sp.ch\/index.php\/wp-json\/wp\/v2\/pages\/269","targetHints":{"allow":["GET"]}}],"collection":[{"href":"https:\/\/e-sp.ch\/index.php\/wp-json\/wp\/v2\/pages"}],"about":[{"href":"https:\/\/e-sp.ch\/index.php\/wp-json\/wp\/v2\/types\/page"}],"author":[{"embeddable":true,"href":"https:\/\/e-sp.ch\/index.php\/wp-json\/wp\/v2\/users\/1"}],"replies":[{"embeddable":true,"href":"https:\/\/e-sp.ch\/index.php\/wp-json\/wp\/v2\/comments?post=269"}],"version-history":[{"count":22,"href":"https:\/\/e-sp.ch\/index.php\/wp-json\/wp\/v2\/pages\/269\/revisions"}],"predecessor-version":[{"id":907,"href":"https:\/\/e-sp.ch\/index.php\/wp-json\/wp\/v2\/pages\/269\/revisions\/907"}],"wp:attachment":[{"href":"https:\/\/e-sp.ch\/index.php\/wp-json\/wp\/v2\/media?parent=269"}],"curies":[{"name":"wp","href":"https:\/\/api.w.org\/{rel}","templated":true}]}}